se 10) to base 3.
2221112110210
What is 313312223 (base 4) in base 10?
228779
Convert 1200121100212 (base 3) to base 7.
10426046
What is 2100113001 (base 4) in base 2?
10010000010111000001
What is -858121 (base 13) in base 10?
-3130921
11354132 (base 6) to base 14
9430c
Convert -13210001 (base 5) to base 3.
-20200220022
What is -2bc3c (base 14) in base 2?
-11010101101101110
What is c74074 (base 15) in base 12?
3212484
377fb (base 16) to base 10
227323
What is -300162 (base 7) in base 6?
-1025510
What is -65954 (base 13) in base 12?
-8a545
2242a2 (base 11) to base 2
1010111001011000110
What is -2301302303 (base 4) in base 14?
-14d575
131543003 (base 6) to base 11
1523590
What is -6172041 (base 8) in base 11?
-a17742
What is 19369 (base 14) in base 2?
1111100100110001
What is 13330122213 (base 4) in base 15?
2b2066
Convert 10819a7 (base 11) to base 3.
10120002021102
Convert 24315234 (base 7) to base 14.
407954
What is -23306 (base 16) in base 12?
-6b4b2
-72aa4 (base 15) to base 2
-1011000110000001001
Convert -12202132132 (base 4) to base 11.
-a708a3
20afe (base 16) to base 14
36b14
What is -12102020003 (base 4) in base 12?
-67522b
Convert -867116 (base 10) to base 2.
-11010011101100101100
Convert 1142534202 (base 6) to base 15.
122104e
28168 (base 10) to base 9
42567
Convert -154135 (base 9) to base 5.
-11014013
-10276376 (base 9) to base 3
-100022120102120
-179246 (base 10) to base 14
-49474
Convert -2585385 (base 9) to base 2.
-101011001010110110100
Convert 631cae (base 15) to base 16.
47ef7c
What is 238cc (base 16) in base 9?
241661
What is 215560463 (base 7) in base 4?
301233213020
What is 580261 (base 11) in base 15?
1335cc
-204152 (base 10) to base 4
-301311320
-120210000222102 (base 3) to base 15
-b0999b
Convert -31f53e (base 16) to base 10.
-3274046
Convert 2128a (base 13) to base 15.
12a9b
What is 2002434 (base 8) in base 10?
525596
1173483 (base 9) to base 5
130422003
Convert -50744 (base 8) to base 7.
-115056
What is -201320303 (base 4) in base 16?
-21e33
1122101200002 (base 3) to base 12
361832
What is -141268 (base 10) in base 12?
-69904
4156753 (base 10) to base 8
17666521
What is 10789 (base 15) in base 12?
26349
-12143020 (base 5) to base 3
-12212021112
-122541 (base 6) to base 8
-25375
Convert 1001100100111010111 (base 2) to base 11.
1a4857
7402616 (base 8) to base 15
28ce6c
-294c09 (base 15) to base 14
-39b608
Convert 528253 (base 9) to base 13.
b0154
-704827 (base 10) to base 8
-2540473
12133131 (base 4) to base 7
140343
Convert 79232 (base 10) to base 7.
446666
What is 402451350 (base 6) in base 10?
6849714
-52301030 (base 6) to base 5
-342012204
Convert 64305 (base 13) to base 8.
540672
Convert 130300112011 (base 4) to base 11.
42894a6
Convert 75084 (base 11) to base 4.
122222302
-b385b (base 14) to base 2
-1101001100101001001
1d1712 (base 15) to base 7
15043064
Convert 607ac (base 13) to base 2.
101010001010010011
-1b7647 (base 14) to base 6
-33004543
What is -1c0c60 (base 14) in base 12?
-403518
-111220120 (base 3) to base 12
-5a50
Convert -221020201000 (base 3) to base 16.
-79542
What is 10119a3 (base 11) in base 14?
347c2b
What is 73651455 (base 8) in base 15?
159c367
What is 16a910 (base 15) in base 9?
2054376
What is -200022101020011 (base 3) in base 12?
-331334a
1200212112021 (base 3) to base 8
3343347
Convert -435723 (base 9) to base 2.
-111111100000010000
Convert -7755076 (base 9) to base 5.
-2031414244
Convert -226318 (base 11) to base 16.
-57d48
Convert 4355a (base 12) to base 4.
111231112
-46630 (base 12) to base 4
-113000010
-1586 (base 16) to base 9
-7502
What is 41759b (base 13) in base 6?
52443421
Convert -7a5270 (base 12) to base 15.
-28a316
What is 10057200 (base 9) in base 4?
102121000233
Convert 10111211 (base 5) to base 4.
110002020
2c659 (base 14) to base 16
1b1a7
Convert 184850b (base 15) to base 11.
9a97510
Convert -195ec (base 16) to base 13.
-383b7
Convert 18b61e (base 16) to base 14.
302298
596e7 (base 16) to base 3
200121111002
Convert -62556456 (base 7) to base 4.
-110013310023
Convert -20011302330 (base 4) to base 12.
-863450
What is -22220022100 (base 3) in base 5?
-21101220
Convert 21c42e (base 16) to base 10.
2212910
Convert -1021024433 (base 5) to base 16.
-207414
Convert -11011508 (base 10) to base 5.
-10304332013
-8a4ee (base 15) to base 8
-1533102
5b8652 (base 13) to base 2
1000010110011111101101
Convert -30317 (base 13) to base 7.
-506225
Convert 10010000202 (base 3) to base 12.
2b548
Convert 5710648 (base 9) to base 2.
1011101111011000000111
What is 6a096 (base 11) in base 8?
305615
What is -60c42 (base 14) in base 11?
-149a93
1820aa (base 14) to base 4
3033231212
Convert -1398248 (base 10) to base 13.
-39c587
Convert 3a128a (base 11) to base 14.
126082
Convert 1857067 (base 9) to base 4.
3332112022
82858 (base 10) to base 14
222a6
Convert -2387834 (base 9) to base 2.
-100111100111101111011
What is -692b88 (base 15) in base 7?
-60452102
What is -1000101011001000110 (base 2) in base 11?
-184601
15130531 (base 6) to base 16
80317
Convert -1011100110010000 (base 2) to base 6.
-1003532
Convert 212100213202 (base 4) to base 3.
200212112221101
Convert 1a10d0 (base 16) to base 7.
20343202
7041 (base 13) to base 4
3301020
Convert -21132122203 (base 4) to base 8.
-11363243
Convert 313325 (base 7) to base 8.
151401
What is -3616337 (base 8) in base 9?
-1768548
What is 1066 (base 12) in base 8?
3416
Convert 2022210200 (base 3) to base 9.
68720
What is -111023130312 (base 4) in base 6?
-314555210
What is 20d115 (base 14) in base 13?
2cbc19
Convert 100022331 (base 4) to base 8.
201275
212203202 (base 4) to base 15
31bd2
What is 223003 (base 4) in base 16?
ac3
What is -2202230030 (base 4) in base 3?
-1020212002202
What is -2002c07 (base 14) in base 4?
-321132130213
-1585073 (base 9) to base 12
-366b19
What is -11000111001111111010 (base 2) in base 11?
-50818a
-eda52 (base 15) to base 8
-2702410
What is -30b25 (base 13) in base 10?
-87573
Convert 10001000000001 (base 2) to base 7.
34244
Convert 4371725 (base 8) to base 11.
733a46
Convert 716452 (base 12) to base 4.
12300333332
Convert 1783578 (base 10) to base 4.
12303130122
5771050 (base 9) to base 14
5b2049
-10112030212 (base 4) to base 9
-2126074
Convert 44114 (base 12) to base 6.
1532424
Convert 19a5c (base 15) to base 3.
11020022120
What is 200065 (base 9) in base 7?
1001324
What is 74b42 (base 12) in base 15?
30818
-23591a (base 11) to base 9
-628662
What is -4254344 (base 6) in base 15?
-421c1
101111000001101010100 (base 2) to base 3
2220021210011
Convert -609657 (base 11) to base 5.
-222312243
What is -24f98 (base 16) in base 4?
-210332120
-145424122 (base 6) to base 2
-1011101100110101110010
Convert -89add (base 14) to base 9.
-558360
-287683 (base 9) to base 15
-37350
What is -4b99 (base 15) in base 10?
-16119
-544230 (base 8) to base 14
-4a6a4
Convert 656152 (base 8) to base 10.
220266
Convert 40201400 (base 5) to base 10.
318975
Convert 85122 (base 11) to base 5.
12431203
What is -355a (base 15) in base 14?
-41b9
-3250551 (base 6) to base 7
-1243630
Convert 61950 (base 10) to base 8.
170776
17303002 (base 9) to base 6
510032132
Convert 1207566 (base 10) to base 8.
4466416
What is 335663 (base 8) in base 12?
55897
What is -1100101110000101001 (base 2) in base 9?
-704671
Convert 210101201010 (base 3) to base 4.
1212310131
What is 111511251 (base 6) in base 2?
111110011101011101111
14124124 (base 7) to base 5
314122222
What is -11100101021021 (base 3) in base 13?
-62b7cb
-1203023010 (base 5) to base 11
-1630901
Convert 1be373 (base 15) to base 5.
322124113
What is 331323310 (base 4) in base 14?
68644
What is 52109 (base 12) in base 16?
1a319
What is 957847 (base 10) in base 9?
1718824
Convert 28082475 (base 9) to base 8.
64725274
Convert 334030301 (base 6) to base 10.
6069277
2448723 (base 10) to base 11
1422842
Convert ede0b (base 16) to base 3.
1211111112221
What is -14341324 (base 5) in base 11?
-a4811
Convert 16480b (base 12) to base 16.
5d18b
-28d609 (base 15) to base 5
-1001001414
-211220220211 (base 3) to base 15
-8da47
2012210121001 (base 3) to base 9
2183531
What is 35221c (base 15) in base 11?
1484217
Convert 1c8574 (base 13) to base 6.
23411221
Convert 1045051 (base 6) to base 4.
30323113
-2a3a7b (base 13) to base 11
-648885
C